late d(22).
482
Let w(x) = 2*x**3 - 53*x**2 + 337*x - 26. Determine w(12).
-158
Let q(p) = -75*p**3 - 22*p**2 + 257*p + 3. Calculate q(-2).
1
Let a(f) = f**3 + 19*f**2 + 7661*f + 106276. What is a(-14)?
2
Let i(n) = n**2 + 16729*n - 11. What is i(0)?
-11
Let l(y) = 17247*y - 310221. What is l(18)?
225
Let z(b) = 43*b**2 + 3422*b - 1441. What is z(-80)?
-1
Let z(f) = -352*f + 34895. Give z(101).
-657
Let b(k) = -3*k**2 - 120*k - 1386. What is b(-30)?
-486
Let b(o) = o**3 - 95*o**2 + 246*o + 2849. Calculate b(92).
89
Let o(u) = 24*u**3 - 9*u**2 + 24*u - 11. Give o(3).
628
Let d(o) = -332*o - 105893. Calculate d(-319).
15
Let g(o) = -783508*o + 4701033. What is g(6)?
-15
Let s(k) = -239*k**2 - 32263*k + 254. Calculate s(-135).
-16
Let p(k) = -k**3 - 16*k**2 - 64*k - 92. What is p(-13)?
233
Let a(r) = r**3 - 68*r**2 - 642*r - 808. Determine a(-7).
11
Let f(b) = -17*b**2 + 2373*b - 7128. What is f(3)?
-162
Let k(m) = -2471*m - 358292. Calculate k(-145).
3
Let b(f) = 2673*f - 69370. Determine b(26).
128
Let f(r) = -20*r**3 - 3370*r**2 - 8298*r + 280. What is f(-166)?
-52
Let h(w) = -3*w**2 - 224*w - 3615. Give h(-23).
-50
Let r(b) = b**3 - 49*b**2 + 115*b + 367. Determine r(46).
-691
Let y(x) = -51*x**2 - 237*x + 1209. Determine y(8).
-3951
Let z(o) = -231*o**2 + 222*o + 23. What is z(1)?
14
Let w(b) = -4868*b + 49451. Calculate w(10).
771
Let t(j) = 37*j**2 - 5137*j + 159712. Calculate t(47).
6
Let h(v) = 7890*v + 654863. Give h(-83).
-7
Let z(j) = -j**3 + 20*j**2 + 109*j + 107. Determine z(21).
1955
Let v(d) = 3*d**2 + 22552*d + 90222. What is v(-4)?
62
Let t(i) = -6*i**2 + 559*i + 3167. Calculate t(-6).
-403
Let w(p) = 12*p**3 - 106*p**2 - 36*p + 78. Determine w(9).
-84
Let l(z) = 2*z**2 - 599*z + 46891. Calculate l(149).
2042
Let p(l) = -112831*l + 676991. Give p(6).
5
Let g(x) = -1136*x - 2878. Calculate g(-4).
1666
Let q(z) = 1258*z + 1253. What is q(-1)?
-5
Let n(d) = -43*d**2 - d - 27. Calculate n(-3).
-411
Let n(t) = -144*t**2 - 2156*t + 105. Give n(-15).
45
Let o(a) = -2431*a + 2595. What is o(1)?
164
Let x(f) = -f**2 - 1975*f + 19954. Determine x(10).
104
Let l(v) = -81*v**2 - 868*v - 573. Give l(-10).
7
Let i(v) = -274925*v - 549863. Give i(-2).
-13
Let t(d) = 29509*d - 176560. What is t(6)?
494
Let a(x) = -x**3 + 58*x**2 - 4376*x + 253992. Calculate a(58).
184
Let b(s) = s**3 - 74*s**2 - 315*s + 676. Determine b(78).
442
Let q(y) = 2*y**2 + 3943*y - 107922. What is q(27)?
-3
Let b(g) = -1231*g + 105573. Calculate b(87).
-1524
Let m(j) = 2*j**3 + 154*j**2 - 462*j + 1607. Determine m(-80).
167
Let m(b) = -2*b**3 - 64*b**2 + 2771*b + 87820. Give m(-31).
-3
Let z(d) = 15*d**2 + 771*d + 2289. Calculate z(-3).
111
Let y(o) = -3059*o - 290647. Determine y(-95).
-42
Let w(f) = -47*f**2 + 3090*f + 701. Give w(66).
-91
Let p(r) = 3*r**3 + 395*r**2 + 275*r + 1697. Give p(-131).
-6
Let l(u) = 13523*u + 81104. Calculate l(-6).
-34
Let t(i) = 845*i - 8004. What is t(7)?
-2089
Let f(p) = 7*p**2 + 78*p + 922. What is f(-37)?
7619
Let s(q) = -3*q**3 - 3*q**2 + 60*q + 14. What is s(-8)?
878
Let v(f) = -4*f**3 - 21*f**2 + 202*f + 37. What is v(5)?
22
Let t(l) = 3*l**3 - 61*l**2 - 208*l + 3485. Determine t(21).
-1
Let x(n) = 51*n**2 + 1679*n + 66. Determine x(-33).
198
Let j(m) = -m**3 + 83*m**2 + 17*m - 1372. What is j(83)?
39
Let k(s) = s**2 + 12963*s - 259651. Determine k(20).
9
Let z(v) = v**3 - 74*v**2 + 1049*v - 1357. Give z(17).
3
Let f(n) = 18*n**2 + 3360*n - 7955. Determine f(-189).
-17
Let r(b) = 9131*b + 36520. What is r(-4)?
-4
Let q(d) = 292*d**2 + 3728*d - 817. Give q(-13).
67
Let k(p) = -131644*p - 21. What is k(0)?
-21
Let f(l) = 2826*l - 89873. Determine f(32).
559
Let k(v) = 24*v**2 - 5859*v + 819. Determine k(244).
87
Let v(n) = 3*n**2 - 571*n - 5022. Determine v(199).
152
Let d(h) = 20*h**3 + 203*h**2 + 27*h - 40. What is d(-10)?
-10
Let c(v) = -v**3 + 11*v**2 - 813*v + 1. Determine c(0).
1
Let i(u) = 1227*u - 138661. Determine i(113).
-10
Let z(w) = -2*w**3 + 11*w**2 + 571*w - 1100. Give z(19).
2
Let q(a) = 20*a**3 - 6*a**2 - 120*a + 476. Determine q(4).
1180
Let u(n) = n**3 + 7*n**2 - 71*n - 149. Give u(-11).
148
Let k(r) = -4*r**3 + 49*r**2 + 30*r - 67. Calculate k(12).
437
Let j(x) = 7*x**2 - 2042*x - 26107. Give j(304).
37
Let d(h) = -2*h**2 - 87*h + 437. What is d(-47)?
108
Let s(l) = 44944*l + 134188. Calculate s(-3).
-644
Let v(z) = -69*z**3 + 8*z**2 + 301*z - 597. Determine v(2).
-515
Let k(l) = -16*l**3 - 59*l**2 - 25*l - 27. Calculate k(-4).
153
Let l(s) = 194*s - 25185. Determine l(130).
35
Let b(p) = 3*p**3 - 3*p**2 + 113*p + 527. What is b(-5)?
-488
Let m(n) = -3*n**2 - 94*n - 620. Give m(-28).
-340
Let u(h) = 8*h - 13. What is u(34)?
259
Let v(g) = g**2 + 147*g - 64667. What is v(-338)?
-109
Let n(c) = -2*c**3 + 186*c**2 - 101*c + 9039. Determine n(93).
-354
Let d(r) = -r**2 + 105*r - 1051. What is d(101)?
-647
Let k(z) = -322924*z - 2583408. What is k(-8)?
-16
Let n(j) = 7*j**2 + 60*j - 487. Give n(8).
441
Let i(c) = 40*c**3 - 2672*c**2 + 14151*c + 60. What is i(61)?
-1
Let a(l) = -6990*l**2 - 174753*l - 37. Determine a(-25).
38
Let y(l) = -32*l + 162. Calculate y(-8).
418
Let s(q) = -296*q - 22303. Give s(-75).
-103
Let d(b) = -b**3 - 178*b**2 - 3017*b + 335. Calculate d(-159).
-301
Let c(w) = 2*w**2 + 508*w + 5602. Determine c(-11).
256
Let r(p) = -8977*p + 71600. Give r(8).
-216
Let p(n) = -12*n**2 + 12214*n - 677059. Determine p(959).
-5
Let m(g) = g**3 - 27*g**2 - 1083*g + 29044. What is m(29)?
-681
Let o(h) = -6*h**2 - 1306*h - 41515. Determine o(-179).
13
Let s(p) = -p**3 + 229*p**2 + 461*p + 282. Determine s(231).
51
Let s(w) = 4*w**3 - 31*w**2 - 172*w - 1333. What is s(13)?
-20
Let m(n) = -8052*n - 176830. Give m(-22).
314
Let k(x) = -2*x**2 + 22061*x - 220534. What is k(10)?
-124
Let x(c) = -2847*c - 99531. Calculate x(-35).
114
Let b(t) = 23935*t + 119620. Calculate b(-5).
-55
Let o(k) = k**3 + 110*k**2 - 450*k - 92227. Determine o(-106).
417
Let a(l) = -2651*l + 224. What is a(0)?
224
Let x(y) = 6433*y - 51319. Give x(8).
145
Let q(t) = -103593*t + 517991. Determine q(5).
26
Let g(m) = -403*m - 4252. Calculate g(-4).
-2640
Let m(v) = -2*v**3 + 95*v**2 - 208*v + 5. Give m(2).
-47
Let l(r) = -15280*r + 1344570. What is l(88)?
-70
Let l(a) = -10*a**2 - a - 30. Determine l(12).
-1482
Let a(b) = b**2 + 36830*b + 36827. What is a(-1)?
-2
Let t(s) = -2*s**3 + 25*s**2 - 89*s + 184. Give t(8).
48
Let w(f) = 285*f - 9403. Give w(33).
2
Let k(z) = 182*z - 5087. Calculate k(17).
-1993
Let o(w) = -4*w**3 + 6604*w**2 - 6521*w - 130353. Determine o(1650).
-3
Let w(s) = -29*s**2 - 683*s - 240. Determine w(-24).
-552
Let k(r) = 4505*r - 135196. Calculate k(30).
-46
Let v(b) = -4641*b - 3132669. Give v(-675).
6
Let m(q) = -6*q**3 + 9*q**2 - 3*q - 9. Calculate m(4).
-261
Let y(k) = -19648*k + 1787961. Give y(91).
-7
Let z(s) = 179*s + 29593. What is z(-172)?
-1195
Let x(s) = 5*s**2 + 2988*s + 157942. What is x(-539)?
15
Let s(c) = -131*c**2 - 506*c - 17. What is s(-4)?
-89
Let v(h) = -2*h**3 - 385*h**2 - 7954*h - 1842. Give v(-169).
17
Let w(n) = -882*n + 30867. Calculate w(35).
-3
Let w(l) = -52*l**2 - 33741*l - 29171. Determine w(-648).
-11
Let b(w) = -5*w**2 - 233*w - 129. Calculate b(-46).
9
Let t(n) = -611*n**2 + 8553*n - 50. Determine t(14).
-64
Let c(h) = -h**3 - 6*h**2 + 124*h + 326. What is c(-3)?
-73
Let v(r) = -30*r**2 + 1066*r - 41. Calculate v(36).
-545
Let i(g) = 9*g**3 - 142*g**2 + 398*g + 11. Calculate i(12).
-109
Let z(f) = -f**3 - 68*f**2 + 390*f + 1731. Give z(-73).
-94
Let w(o) = 38749*o + 774544. What is w(-20)?
-436
Let y(g) = -g**3 - 2787*g**2 + 33606*g - 17. Calculate y(12).
199
Let s(b) = -950*b + 35187. Determine s(41).
-3763
Let i(j) = 73*j - 1405. Calculate i(15).
-310
Let n(r) = r**2 + 337*r + 15541. Determine n(-55).
31
Let t(n) = -28*n**2 + 1404*n - 242. Give t(50).
-42
Let y(u) = -u**2 + 58*u - 753. Calculate y(17).
-56
Let v(k) = k**3 + 94*k**2 + 2151*k - 457. Determine v(-54).
29
Let i(q) = 983*q - 7864. Give i(9).
983
Let q(j) = -29*j - 2278. Give q(-60).
-538
Let u(b) = 3*b**2 + 416*b - 4. Give u(0).
-4
Let j(p) = -84*p**2 + 912*p - 31. Determine j(7).
2237
Let u(d) = -8*d**3 - 224*d**2 + 952*d. What is u(-32)?
2304
Let w(f) = 86*f - 6298. Calculate w(71).
-192
Let t(k) = -k**3 + 8210*k 